{"id":5744,"date":"2019-12-01T18:13:01","date_gmt":"2019-12-01T17:13:01","guid":{"rendered":"http:\/\/www.clubritmicasantfeliu.net\/wordpress\/?page_id=5744"},"modified":"2025-09-16T21:27:58","modified_gmt":"2025-09-16T19:27:58","slug":"equipo-tecnico-2","status":"publish","type":"page","link":"https:\/\/www.clubritmicasantfeliu.net\/wordpress\/equipo-tecnico-2\/","title":{"rendered":"Equipo T\u00e9cnico"},"content":{"rendered":"\n<!--nextpage-->\n\n\n\n<div class=\"wp-block-media-text alignwide is-stacked-on-mobile\" style=\"grid-template-columns:39% auto\"><figure class=\"wp-block-media-text__media\"><img loading=\"lazy\" decoding=\"async\" width=\"165\" height=\"224\" src=\"https:\/\/www.clubritmicasantfeliu.net\/wordpress\/wp-content\/uploads\/2011\/07\/nuria.jpg\" alt=\"Nuria Pastor\" class=\"wp-image-2324 size-full\"\/><\/figure><div class=\"wp-block-media-text__content\">\n<blockquote class=\"wp-block-quote is-layout-flow wp-block-quote-is-layout-flow\">\n<p><strong><em>N\u00faria Pastor &#8211; 28\/08\/87<\/em><\/strong><\/p>\n<\/blockquote>\n\n\n\n<p>Ex gimnasta del Club.<br>Entrenadora de nivel II y juez nacional.<br>Licenciada en Ciencias de la Actividad F\u00edsica y del Deporte.<br>Entrenadora del Club desde el a\u00f1o 2007, es una de las coordinadoras del Club y responsable de un equipo de competici\u00f3n federado.<\/p>\n<\/div><\/div>\n\n\n\n<hr class=\"wp-block-separator has-css-opacity\"\/>\n\n\n\n<div class=\"wp-block-media-text alignwide is-stacked-on-mobile\" style=\"grid-template-columns:39% auto\"><figure class=\"wp-block-media-text__media\"><img loading=\"lazy\" decoding=\"async\" width=\"820\" height=\"1024\" src=\"https:\/\/www.clubritmicasantfeliu.net\/wordpress\/wp-content\/uploads\/2011\/07\/29342241_10215270946943528_1384575882886119424_o-820x1024.jpg\" alt=\"\" class=\"wp-image-5606 size-full\"\/><\/figure><div class=\"wp-block-media-text__content\">\n<blockquote class=\"wp-block-quote is-layout-flow wp-block-quote-is-layout-flow\">\n<p><strong><em>Sonia Diaz-10\/09\/87<\/em><\/strong><br><\/p>\n<\/blockquote>\n\n\n\n<p>Entrenadora de nivel III y juez Nacional. <br>Grado Superior en administraci\u00f3n y finanzas.<br>Entrenadora del Club desde el a\u00f1o 2009, es una de las  coordinadoras  del club y  una de las responsables de un equipo de competici\u00f3n federado.<\/p>\n<\/div><\/div>\n\n\n\n<hr class=\"wp-block-separator has-css-opacity\"\/>\n\n\n\n<div class=\"wp-block-media-text alignwide is-stacked-on-mobile\" style=\"grid-template-columns:39% auto\"><figure class=\"wp-block-media-text__media\"><img loading=\"lazy\" decoding=\"async\" width=\"444\" height=\"585\" src=\"https:\/\/www.clubritmicasantfeliu.net\/wordpress\/wp-content\/uploads\/2011\/07\/Sin-ti\u0301tulo.png\" alt=\"\" class=\"wp-image-5608 size-full\" srcset=\"https:\/\/www.clubritmicasantfeliu.net\/wordpress\/wp-content\/uploads\/2011\/07\/Sin-ti\u0301tulo.png 444w, https:\/\/www.clubritmicasantfeliu.net\/wordpress\/wp-content\/uploads\/2011\/07\/Sin-ti\u0301tulo-228x300.png 228w\" sizes=\"(max-width: 444px) 100vw, 444px\" \/><\/figure><div class=\"wp-block-media-text__content\">\n<blockquote class=\"wp-block-quote is-layout-flow wp-block-quote-is-layout-flow\">\n<p><strong><em>Judith Escacena- 3\/11\/95<\/em><\/strong><\/p>\n<\/blockquote>\n\n\n\n<p>Ex gimnasta del Club.<br>Entrenadora de nivel II. <br>Grado Superior en integraci\u00f3n Social.<br>Estudiante de grado de Pedagog\u00eda<br>Entrenadora del Club desde el a\u00f1o 2012, es una de las responsables de un equipo de competici\u00f3n escolar<\/p>\n<\/div><\/div>\n\n\n\n<hr class=\"wp-block-separator has-css-opacity\"\/>\n\n\n\n<div class=\"wp-block-media-text alignwide is-stacked-on-mobile\" style=\"grid-template-columns:39% auto\"><figure class=\"wp-block-media-text__media\"><img decoding=\"async\" src=\"https:\/\/www.clubritmicasantfeliu.net\/wordpress\/wp-content\/uploads\/2011\/07\/sara.png\" alt=\"\" class=\"wp-image-5361 size-full\"\/><\/figure><div class=\"wp-block-media-text__content\">\n<blockquote class=\"wp-block-quote is-layout-flow wp-block-quote-is-layout-flow\">\n<p><strong><em>Sara Fresneda- 20\/06\/96<\/em><\/strong><\/p>\n<\/blockquote>\n\n\n\n<p>Ex gimnasta del Club.<br>Entrenadora de nivel III. <br>Grado Superior en integraci\u00f3n Social.<br>Entrenadora del Club desde el a\u00f1o 2012, es una de las  entrenadoras de un equipo de competici\u00f3n escolar.<\/p>\n<\/div><\/div>\n\n\n\n<hr class=\"wp-block-separator has-css-opacity\"\/>\n\n\n\n<div class=\"wp-block-media-text alignwide is-stacked-on-mobile\" style=\"grid-template-columns:39% auto\"><figure class=\"wp-block-media-text__media\"><img decoding=\"async\" src=\"https:\/\/www.clubritmicasantfeliu.net\/wordpress\/wp-content\/uploads\/2019\/12\/WhatsApp-Image-2019-12-01-at-13.19.46-837x1024.jpeg\" alt=\"\" class=\"wp-image-5652 size-full\"\/><\/figure><div class=\"wp-block-media-text__content\">\n<blockquote class=\"wp-block-quote is-layout-flow wp-block-quote-is-layout-flow\">\n<p><strong><em>Martha Poves-23\/05\/95<\/em><\/strong><\/p>\n<\/blockquote>\n\n\n\n<p>Ex gimnasta del Club.<br>Educadora Social en el \u00e1mbito de justicia juvenil.<br>Incoporada al Club en el a\u00f1o 2019, con ocho a\u00f1os de experiencia en diferentes clubs.<br>2a entrenadora de uno de los grupos federado.<\/p>\n<\/div><\/div>\n\n\n\n<hr class=\"wp-block-separator has-css-opacity\"\/>\n\n\n\n<div class=\"wp-block-media-text alignwide is-stacked-on-mobile\" style=\"grid-template-columns:39% auto\"><figure class=\"wp-block-media-text__media\"><img loading=\"lazy\" decoding=\"async\" width=\"769\" height=\"1024\" src=\"https:\/\/www.clubritmicasantfeliu.net\/wordpress\/wp-content\/uploads\/2021\/10\/WhatsApp-Image-2021-10-21-at-14.10.23-769x1024.jpeg\" alt=\"\" class=\"wp-image-7161 size-full\" srcset=\"https:\/\/www.clubritmicasantfeliu.net\/wordpress\/wp-content\/uploads\/2021\/10\/WhatsApp-Image-2021-10-21-at-14.10.23-769x1024.jpeg 769w, https:\/\/www.clubritmicasantfeliu.net\/wordpress\/wp-content\/uploads\/2021\/10\/WhatsApp-Image-2021-10-21-at-14.10.23-225x300.jpeg 225w, https:\/\/www.clubritmicasantfeliu.net\/wordpress\/wp-content\/uploads\/2021\/10\/WhatsApp-Image-2021-10-21-at-14.10.23-768x1022.jpeg 768w, https:\/\/www.clubritmicasantfeliu.net\/wordpress\/wp-content\/uploads\/2021\/10\/WhatsApp-Image-2021-10-21-at-14.10.23-600x799.jpeg 600w, https:\/\/www.clubritmicasantfeliu.net\/wordpress\/wp-content\/uploads\/2021\/10\/WhatsApp-Image-2021-10-21-at-14.10.23.jpeg 828w\" sizes=\"(max-width: 769px) 100vw, 769px\" \/><\/figure><div class=\"wp-block-media-text__content\">\n<blockquote class=\"wp-block-quote is-layout-flow wp-block-quote-is-layout-flow\">\n<p><strong><em>Laura Carrillo-22\/10\/01<\/em><\/strong><\/p>\n<\/blockquote>\n\n\n\n<p>Gimnasta en activo del Club.<br \/>Entrenadora de 1er nivell.<br \/>Estudiante del grado de Ingenier\u00eda Qu\u00edmica<br \/>Entrenadora del Club desde el a\u00f1o 2020. <br \/>2a entrenadora de uno de los grupos fedederado.<\/p>\n<\/div><\/div>\n\n\n\n<hr class=\"wp-block-separator has-alpha-channel-opacity\"\/>\n\n\n\n<div class=\"wp-block-media-text alignwide is-stacked-on-mobile\" style=\"grid-template-columns:39% auto\"><figure class=\"wp-block-media-text__media\"><img decoding=\"async\" src=\"https:\/\/www.clubritmicasantfeliu.net\/wordpress\/wp-content\/uploads\/2022\/07\/WhatsApp-Image-2022-07-17-at-5.32.23-PM1.jpeg\" alt=\"\" class=\"wp-image-7896 size-full\"\/><\/figure><div class=\"wp-block-media-text__content\">\n<blockquote class=\"wp-block-quote is-layout-flow wp-block-quote-is-layout-flow\">\n<p><strong><em>Andrea Salado-02\/06\/0<\/em>6<\/strong><\/p>\n<\/blockquote>\n\n\n\n<p>Gimnasta en activo del Club.<br \/>Entrenadora de 1er nivel.<br \/>Estudiante\u00a0 de bachillerato.<br \/>Incorporada al Club desde el a\u00f1o 2021, en grupos de iniciaci\u00f3n.<\/p>\n<\/div><\/div>\n\n\n\n<hr class=\"wp-block-separator has-alpha-channel-opacity\"\/>\n\n\n\n<div class=\"wp-block-media-text alignwide is-stacked-on-mobile\" style=\"grid-template-columns:39% auto\"><figure class=\"wp-block-media-text__media\"><img loading=\"lazy\" decoding=\"async\" width=\"582\" height=\"660\" src=\"https:\/\/www.clubritmicasantfeliu.net\/wordpress\/wp-content\/uploads\/2022\/08\/B302D0D4-183D-4D00-8712-B5F87DB54CF4.jpg\" alt=\"\" class=\"wp-image-8034 size-full\" srcset=\"https:\/\/www.clubritmicasantfeliu.net\/wordpress\/wp-content\/uploads\/2022\/08\/B302D0D4-183D-4D00-8712-B5F87DB54CF4.jpg 582w, https:\/\/www.clubritmicasantfeliu.net\/wordpress\/wp-content\/uploads\/2022\/08\/B302D0D4-183D-4D00-8712-B5F87DB54CF4-265x300.jpg 265w\" sizes=\"(max-width: 582px) 100vw, 582px\" \/><\/figure><div class=\"wp-block-media-text__content\">\n<blockquote class=\"wp-block-quote is-layout-flow wp-block-quote-is-layout-flow\">\n<p><strong><em>Abril F\u00fcllemann -24\/08\/0<\/em>4<\/strong><\/p>\n<\/blockquote>\n\n\n\n<p>Ex-Gimnasta del Club.<br \/>Estudiante\u00a0 de Psicolog\u00eda.<br \/>Incorporada al Club desde el a\u00f1o 2022, en grupos de iniciaci\u00f3n.<\/p>\n<\/div><\/div>\n\n\n\n<hr class=\"wp-block-separator has-alpha-channel-opacity\"\/>\n\n\n\n<div class=\"wp-block-media-text alignwide is-stacked-on-mobile\" style=\"grid-template-columns:39% auto\"><figure class=\"wp-block-media-text__media\"><img loading=\"lazy\" decoding=\"async\" width=\"768\" height=\"1024\" src=\"https:\/\/www.clubritmicasantfeliu.net\/wordpress\/wp-content\/uploads\/2025\/09\/WhatsApp-Image-2025-09-15-at-13.37.38-768x1024.jpeg\" alt=\"\" class=\"wp-image-8889 size-full\" srcset=\"https:\/\/www.clubritmicasantfeliu.net\/wordpress\/wp-content\/uploads\/2025\/09\/WhatsApp-Image-2025-09-15-at-13.37.38-768x1023.jpeg 768w, https:\/\/www.clubritmicasantfeliu.net\/wordpress\/wp-content\/uploads\/2025\/09\/WhatsApp-Image-2025-09-15-at-13.37.38-225x300.jpeg 225w, https:\/\/www.clubritmicasantfeliu.net\/wordpress\/wp-content\/uploads\/2025\/09\/WhatsApp-Image-2025-09-15-at-13.37.38-1153x1536.jpeg 1153w, https:\/\/www.clubritmicasantfeliu.net\/wordpress\/wp-content\/uploads\/2025\/09\/WhatsApp-Image-2025-09-15-at-13.37.38-600x800.jpeg 600w, https:\/\/www.clubritmicasantfeliu.net\/wordpress\/wp-content\/uploads\/2025\/09\/WhatsApp-Image-2025-09-15-at-13.37.38.jpeg 1200w\" sizes=\"(max-width: 768px) 100vw, 768px\" \/><\/figure><div class=\"wp-block-media-text__content\">\n<blockquote class=\"wp-block-quote is-layout-flow wp-block-quote-is-layout-flow\">\n<p><strong>Mireia Guirao- 2006<\/strong><\/p>\n<\/blockquote>\n\n\n\n<p>Gimnasta en activo del Club. <br \/>Estudiante del grado universitario de enfermer\u00eda. <br \/>Entrenadora del Club desde el a\u00f1o 2024, grupo de iniciaci\u00f3n.<\/p>\n<\/div><\/div>\n\n\n\n<hr class=\"wp-block-separator has-alpha-channel-opacity\"\/>\n\n\n\n<div class=\"wp-block-media-text alignwide is-stacked-on-mobile\" style=\"grid-template-columns:39% auto\"><figure class=\"wp-block-media-text__media\"><img loading=\"lazy\" decoding=\"async\" width=\"768\" height=\"1024\" src=\"https:\/\/www.clubritmicasantfeliu.net\/wordpress\/wp-content\/uploads\/2025\/09\/WhatsApp-Image-2025-09-10-at-20.01.18-768x1024.jpeg\" alt=\"\" class=\"wp-image-8893 size-full\" srcset=\"https:\/\/www.clubritmicasantfeliu.net\/wordpress\/wp-content\/uploads\/2025\/09\/WhatsApp-Image-2025-09-10-at-20.01.18-768x1025.jpeg 768w, https:\/\/www.clubritmicasantfeliu.net\/wordpress\/wp-content\/uploads\/2025\/09\/WhatsApp-Image-2025-09-10-at-20.01.18-225x300.jpeg 225w, https:\/\/www.clubritmicasantfeliu.net\/wordpress\/wp-content\/uploads\/2025\/09\/WhatsApp-Image-2025-09-10-at-20.01.18-1151x1536.jpeg 1151w, https:\/\/www.clubritmicasantfeliu.net\/wordpress\/wp-content\/uploads\/2025\/09\/WhatsApp-Image-2025-09-10-at-20.01.18-600x800.jpeg 600w, https:\/\/www.clubritmicasantfeliu.net\/wordpress\/wp-content\/uploads\/2025\/09\/WhatsApp-Image-2025-09-10-at-20.01.18.jpeg 1467w\" sizes=\"(max-width: 768px) 100vw, 768px\" \/><\/figure><div class=\"wp-block-media-text__content\">\n<blockquote class=\"wp-block-quote is-layout-flow wp-block-quote-is-layout-flow\">\n<p><strong>Marina Molina<\/strong><\/p>\n<\/blockquote>\n\n\n\n<p>Gimnasta inactiva desde 2024 del club.<br \/>Entrenadora del club desde 2024 de grupo de competici\u00f3n.<br \/>Estudiante de grado superior de laboratorio<br \/>cl\u00ednico y biom\u00e9dico.<\/p>\n<\/div><\/div>\n","protected":false},"excerpt":{"rendered":"","protected":false},"author":1,"featured_media":0,"parent":0,"menu_order":0,"comment_status":"closed","ping_status":"closed","template":"","meta":{"footnotes":""},"_links":{"self":[{"href":"https:\/\/www.clubritmicasantfeliu.net\/wordpress\/wp-json\/wp\/v2\/pages\/5744"}],"collection":[{"href":"https:\/\/www.clubritmicasantfeliu.net\/wordpress\/wp-json\/wp\/v2\/pages"}],"about":[{"href":"https:\/\/www.clubritmicasantfeliu.net\/wordpress\/wp-json\/wp\/v2\/types\/page"}],"author":[{"embeddable":true,"href":"https:\/\/www.clubritmicasantfeliu.net\/wordpress\/wp-json\/wp\/v2\/users\/1"}],"replies":[{"embeddable":true,"href":"https:\/\/www.clubritmicasantfeliu.net\/wordpress\/wp-json\/wp\/v2\/comments?post=5744"}],"version-history":[{"count":68,"href":"https:\/\/www.clubritmicasantfeliu.net\/wordpress\/wp-json\/wp\/v2\/pages\/5744\/revisions"}],"predecessor-version":[{"id":8914,"href":"https:\/\/www.clubritmicasantfeliu.net\/wordpress\/wp-json\/wp\/v2\/pages\/5744\/revisions\/8914"}],"wp:attachment":[{"href":"https:\/\/www.clubritmicasantfeliu.net\/wordpress\/wp-json\/wp\/v2\/media?parent=5744"}],"curies":[{"name":"wp","href":"https:\/\/api.w.org\/{rel}","templated":true}]}}

Equipo Técnico

<!--nextpage-->



<div class="wp-block-media-text alignwide is-stacked-on-mobile" style="grid-template-columns:39% auto"><figure class="wp-block-media-text__media"><img loading="lazy" decoding="async" width="165" height="224" src="https://www.clubritmicasantfeliu.net/wordpress/wp-content/uploads/2011/07/nuria.jpg" alt="Nuria Pastor" class="wp-image-2324 size-full"/></figure><div class="wp-block-media-text__content">
<blockquote class="wp-block-quote is-layout-flow wp-block-quote-is-layout-flow">
<p><strong><em>Núria Pastor &#8211; 28/08/87</em></strong></p>
</blockquote>



<p>Ex gimnasta del Club.<br>Entrenadora de nivel II y juez nacional.<br>Licenciada en Ciencias de la Actividad Física y del Deporte.<br>Entrenadora del Club desde el año 2007, es una de las coordinadoras del Club y responsable de un equipo de competición federado.</p>
</div></div>



<hr class="wp-block-separator has-css-opacity"/>



<div class="wp-block-media-text alignwide is-stacked-on-mobile" style="grid-template-columns:39% auto"><figure class="wp-block-media-text__media"><img loading="lazy" decoding="async" width="820" height="1024" src="https://www.clubritmicasantfeliu.net/wordpress/wp-content/uploads/2011/07/29342241_10215270946943528_1384575882886119424_o-820x1024.jpg" alt="" class="wp-image-5606 size-full"/></figure><div class="wp-block-media-text__content">
<blockquote class="wp-block-quote is-layout-flow wp-block-quote-is-layout-flow">
<p><strong><em>Sonia Diaz-10/09/87</em></strong><br></p>
</blockquote>



<p>Entrenadora de nivel III y juez Nacional. <br>Grado Superior en administración y finanzas.<br>Entrenadora del Club desde el año 2009, es una de las  coordinadoras  del club y  una de las responsables de un equipo de competición federado.</p>
</div></div>



<hr class="wp-block-separator has-css-opacity"/>



<div class="wp-block-media-text alignwide is-stacked-on-mobile" style="grid-template-columns:39% auto"><figure class="wp-block-media-text__media"><img loading="lazy" decoding="async" width="444" height="585" src="https://www.clubritmicasantfeliu.net/wordpress/wp-content/uploads/2011/07/Sin-título.png" alt="" class="wp-image-5608 size-full" srcset="https://www.clubritmicasantfeliu.net/wordpress/wp-content/uploads/2011/07/Sin-título.png 444w, https://www.clubritmicasantfeliu.net/wordpress/wp-content/uploads/2011/07/Sin-título-228x300.png 228w" sizes="(max-width: 444px) 100vw, 444px" /></figure><div class="wp-block-media-text__content">
<blockquote class="wp-block-quote is-layout-flow wp-block-quote-is-layout-flow">
<p><strong><em>Judith Escacena- 3/11/95</em></strong></p>
</blockquote>



<p>Ex gimnasta del Club.<br>Entrenadora de nivel II. <br>Grado Superior en integración Social.<br>Estudiante de grado de Pedagogía<br>Entrenadora del Club desde el año 2012, es una de las responsables de un equipo de competición escolar</p>
</div></div>



<hr class="wp-block-separator has-css-opacity"/>



<div class="wp-block-media-text alignwide is-stacked-on-mobile" style="grid-template-columns:39% auto"><figure class="wp-block-media-text__media"><img decoding="async" src="https://www.clubritmicasantfeliu.net/wordpress/wp-content/uploads/2011/07/sara.png" alt="" class="wp-image-5361 size-full"/></figure><div class="wp-block-media-text__content">
<blockquote class="wp-block-quote is-layout-flow wp-block-quote-is-layout-flow">
<p><strong><em>Sara Fresneda- 20/06/96</em></strong></p>
</blockquote>



<p>Ex gimnasta del Club.<br>Entrenadora de nivel III. <br>Grado Superior en integración Social.<br>Entrenadora del Club desde el año 2012, es una de las  entrenadoras de un equipo de competición escolar.</p>
</div></div>



<hr class="wp-block-separator has-css-opacity"/>



<div class="wp-block-media-text alignwide is-stacked-on-mobile" style="grid-template-columns:39% auto"><figure class="wp-block-media-text__media"><img decoding="async" src="https://www.clubritmicasantfeliu.net/wordpress/wp-content/uploads/2019/12/WhatsApp-Image-2019-12-01-at-13.19.46-837x1024.jpeg" alt="" class="wp-image-5652 size-full"/></figure><div class="wp-block-media-text__content">
<blockquote class="wp-block-quote is-layout-flow wp-block-quote-is-layout-flow">
<p><strong><em>Martha Poves-23/05/95</em></strong></p>
</blockquote>



<p>Ex gimnasta del Club.<br>Educadora Social en el ámbito de justicia juvenil.<br>Incoporada al Club en el año 2019, con ocho años de experiencia en diferentes clubs.<br>2a entrenadora de uno de los grupos federado.</p>
</div></div>



<hr class="wp-block-separator has-css-opacity"/>



<div class="wp-block-media-text alignwide is-stacked-on-mobile" style="grid-template-columns:39% auto"><figure class="wp-block-media-text__media"><img loading="lazy" decoding="async" width="769" height="1024" src="https://www.clubritmicasantfeliu.net/wordpress/wp-content/uploads/2021/10/WhatsApp-Image-2021-10-21-at-14.10.23-769x1024.jpeg" alt="" class="wp-image-7161 size-full" srcset="https://www.clubritmicasantfeliu.net/wordpress/wp-content/uploads/2021/10/WhatsApp-Image-2021-10-21-at-14.10.23-769x1024.jpeg 769w, https://www.clubritmicasantfeliu.net/wordpress/wp-content/uploads/2021/10/WhatsApp-Image-2021-10-21-at-14.10.23-225x300.jpeg 225w, https://www.clubritmicasantfeliu.net/wordpress/wp-content/uploads/2021/10/WhatsApp-Image-2021-10-21-at-14.10.23-768x1022.jpeg 768w, https://www.clubritmicasantfeliu.net/wordpress/wp-content/uploads/2021/10/WhatsApp-Image-2021-10-21-at-14.10.23-600x799.jpeg 600w, https://www.clubritmicasantfeliu.net/wordpress/wp-content/uploads/2021/10/WhatsApp-Image-2021-10-21-at-14.10.23.jpeg 828w" sizes="(max-width: 769px) 100vw, 769px" /></figure><div class="wp-block-media-text__content">
<blockquote class="wp-block-quote is-layout-flow wp-block-quote-is-layout-flow">
<p><strong><em>Laura Carrillo-22/10/01</em></strong></p>
</blockquote>



<p>Gimnasta en activo del Club.<br />Entrenadora de 1er nivell.<br />Estudiante del grado de Ingeniería Química<br />Entrenadora del Club desde el año 2020. <br />2a entrenadora de uno de los grupos fedederado.</p>
</div></div>



<hr class="wp-block-separator has-alpha-channel-opacity"/>



<div class="wp-block-media-text alignwide is-stacked-on-mobile" style="grid-template-columns:39% auto"><figure class="wp-block-media-text__media"><img decoding="async" src="https://www.clubritmicasantfeliu.net/wordpress/wp-content/uploads/2022/07/WhatsApp-Image-2022-07-17-at-5.32.23-PM1.jpeg" alt="" class="wp-image-7896 size-full"/></figure><div class="wp-block-media-text__content">
<blockquote class="wp-block-quote is-layout-flow wp-block-quote-is-layout-flow">
<p><strong><em>Andrea Salado-02/06/0</em>6</strong></p>
</blockquote>



<p>Gimnasta en activo del Club.<br />Entrenadora de 1er nivel.<br />Estudiante  de bachillerato.<br />Incorporada al Club desde el año 2021, en grupos de iniciación.</p>
</div></div>



<hr class="wp-block-separator has-alpha-channel-opacity"/>



<div class="wp-block-media-text alignwide is-stacked-on-mobile" style="grid-template-columns:39% auto"><figure class="wp-block-media-text__media"><img loading="lazy" decoding="async" width="582" height="660" src="https://www.clubritmicasantfeliu.net/wordpress/wp-content/uploads/2022/08/B302D0D4-183D-4D00-8712-B5F87DB54CF4.jpg" alt="" class="wp-image-8034 size-full" srcset="https://www.clubritmicasantfeliu.net/wordpress/wp-content/uploads/2022/08/B302D0D4-183D-4D00-8712-B5F87DB54CF4.jpg 582w, https://www.clubritmicasantfeliu.net/wordpress/wp-content/uploads/2022/08/B302D0D4-183D-4D00-8712-B5F87DB54CF4-265x300.jpg 265w" sizes="(max-width: 582px) 100vw, 582px" /></figure><div class="wp-block-media-text__content">
<blockquote class="wp-block-quote is-layout-flow wp-block-quote-is-layout-flow">
<p><strong><em>Abril Füllemann -24/08/0</em>4</strong></p>
</blockquote>



<p>Ex-Gimnasta del Club.<br />Estudiante  de Psicología.<br />Incorporada al Club desde el año 2022, en grupos de iniciación.</p>
</div></div>



<hr class="wp-block-separator has-alpha-channel-opacity"/>



<div class="wp-block-media-text alignwide is-stacked-on-mobile" style="grid-template-columns:39% auto"><figure class="wp-block-media-text__media"><img loading="lazy" decoding="async" width="768" height="1024" src="https://www.clubritmicasantfeliu.net/wordpress/wp-content/uploads/2025/09/WhatsApp-Image-2025-09-15-at-13.37.38-768x1024.jpeg" alt="" class="wp-image-8889 size-full" srcset="https://www.clubritmicasantfeliu.net/wordpress/wp-content/uploads/2025/09/WhatsApp-Image-2025-09-15-at-13.37.38-768x1023.jpeg 768w, https://www.clubritmicasantfeliu.net/wordpress/wp-content/uploads/2025/09/WhatsApp-Image-2025-09-15-at-13.37.38-225x300.jpeg 225w, https://www.clubritmicasantfeliu.net/wordpress/wp-content/uploads/2025/09/WhatsApp-Image-2025-09-15-at-13.37.38-1153x1536.jpeg 1153w, https://www.clubritmicasantfeliu.net/wordpress/wp-content/uploads/2025/09/WhatsApp-Image-2025-09-15-at-13.37.38-600x800.jpeg 600w, https://www.clubritmicasantfeliu.net/wordpress/wp-content/uploads/2025/09/WhatsApp-Image-2025-09-15-at-13.37.38.jpeg 1200w" sizes="(max-width: 768px) 100vw, 768px" /></figure><div class="wp-block-media-text__content">
<blockquote class="wp-block-quote is-layout-flow wp-block-quote-is-layout-flow">
<p><strong>Mireia Guirao- 2006</strong></p>
</blockquote>



<p>Gimnasta en activo del Club. <br />Estudiante del grado universitario de enfermería. <br />Entrenadora del Club desde el año 2024, grupo de iniciación.</p>
</div></div>



<hr class="wp-block-separator has-alpha-channel-opacity"/>



<div class="wp-block-media-text alignwide is-stacked-on-mobile" style="grid-template-columns:39% auto"><figure class="wp-block-media-text__media"><img loading="lazy" decoding="async" width="768" height="1024" src="https://www.clubritmicasantfeliu.net/wordpress/wp-content/uploads/2025/09/WhatsApp-Image-2025-09-10-at-20.01.18-768x1024.jpeg" alt="" class="wp-image-8893 size-full" srcset="https://www.clubritmicasantfeliu.net/wordpress/wp-content/uploads/2025/09/WhatsApp-Image-2025-09-10-at-20.01.18-768x1025.jpeg 768w, https://www.clubritmicasantfeliu.net/wordpress/wp-content/uploads/2025/09/WhatsApp-Image-2025-09-10-at-20.01.18-225x300.jpeg 225w, https://www.clubritmicasantfeliu.net/wordpress/wp-content/uploads/2025/09/WhatsApp-Image-2025-09-10-at-20.01.18-1151x1536.jpeg 1151w, https://www.clubritmicasantfeliu.net/wordpress/wp-content/uploads/2025/09/WhatsApp-Image-2025-09-10-at-20.01.18-600x800.jpeg 600w, https://www.clubritmicasantfeliu.net/wordpress/wp-content/uploads/2025/09/WhatsApp-Image-2025-09-10-at-20.01.18.jpeg 1467w" sizes="(max-width: 768px) 100vw, 768px" /></figure><div class="wp-block-media-text__content">
<blockquote class="wp-block-quote is-layout-flow wp-block-quote-is-layout-flow">
<p><strong>Marina Molina</strong></p>
</blockquote>



<p>Gimnasta inactiva desde 2024 del club.<br />Entrenadora del club desde 2024 de grupo de competición.<br />Estudiante de grado superior de laboratorio<br />clínico y biomédico.</p>
</div></div>
